te?
False
Suppose 3639042 + 6961299 = 29*b. Is b a prime number?
False
Let m(f) = 7*f - 4*f - 16 - 8*f - 1. Let l be m(-4). Suppose -l*y = -4*b - 197, 3*b = 2*y + y - 198. Is y composite?
False
Suppose 3*f - 1188093 = -3*z, 508*z = 505*z + 3*f + 1188045. Is z composite?
True
Is (-13)/(234/(-944163)) - (-1)/(-2) a composite number?
False
Let l(u) = -496*u**2 + 9*u + 23. Let v(z) = 992*z**2 - 19*z - 46. Let k(c) = 5*l(c) + 3*v(c). Is k(-4) composite?
True
Suppose -4*j - 8 = -4*g, 8 = 3*g + 3*j - 4. Suppose 18436 = s + g*s. Is s a prime number?
False
Let c = -162 - -245. Suppose -88*k = -c*k - 31855. Is k a composite number?
True
Let v(u) = -9*u**3 - 3*u**2 - 7. Let t be v(3). Let z = -79 - t. Is 274/(-4)*(-1 - z/6) composite?
True
Let g(y) = 9958*y**3 + 2*y**2 - 5*y + 6. Is g(1) prime?
False
Let w = 125419 + -36932. Is w a composite number?
True
Let a = -8156 + 82279. Is a a prime number?
False
Suppose 187*s = 223*s - 8835631 - 2578493. Is s a prime number?
False
Suppose -59*x - 12829 = -62*x + 4*g, -4 = g. Is x a prime number?
True
Let c(a) = 33*a**2 + 12*a - 18. Let k be c(15). Suppose -7*j = -5*u - 10*j - k, -1503 = u - 3*j. Let m = u + 2716. Is m prime?
True
Let s = -62540 + 148458. Is s/98 - (-2)/7 composite?
False
Let i(n) = 37*n**3 + 2*n**2 - 5*n + 7. Suppose -3*x - 2*x = 4*g - 74, -5*x + 5*g = -65. Let w = -11 + x. Is i(w) composite?
False
Let n(j) = j**2 + 2*j - 21. Let b be n(5). Suppose 9*u - 2*u - b = 0. Suppose u*s + 2756 = 5*g - 2479, -4*s - 3141 = -3*g. Is g composite?
True
Let l(t) = 6322*t**2 - 375*t + 2275. Is l(6) composite?
True
Suppose 0*z + 3455473 = 16*z + 389537. Is z a prime number?
True
Is (2 - 20408801/(-63)) + 22/(-99) composite?
False
Is 344*58 - (-109 - -110) prime?
False
Let m be (-1)/(-1 + (-1816)/(-1812)). Let p = m - 6. Is p/(-15) + (-4)/(-10) a prime number?
True
Let p(v) = 11*v**2 + 143*v + 1039. Is p(-61) composite?
False
Suppose 5*l - 51 - 12 = 4*g, -2*g - 4 = 0. Suppose 1595 = l*o - 4070. Is o a prime number?
False
Let k be (-1 - -5)*(-9)/(-12). Suppose k*s + 3*s = 18. Suppose 4890 = s*g - 3567. Is g a prime number?
True
Let t(m) = m**3 + 2*m**2 - 11*m - 8. Let j be t(-4). Suppose 2*n + 11 = 4*p + 1, 0 = -3*p + j*n + 15. Let c(u) = 490*u**2 + u. Is c(p) a prime number?
True
Suppose -55*n + 8128966 = 7*n - 938038. Is n a composite number?
True
Let l(w) = 7*w - 54. Let t be l(13). Suppose -t*z + 8287 = -25716. Is z composite?
False
Suppose -2*o + 1217 = -h - 2*h, -2*h - 1833 = -3*o. Let p(u) = 42*u**2 + 8*u + 6. Let z be p(-4). Suppose -q = -o - z. Is q composite?
False
Suppose -4*j - u = -6, -3*j + u - 6 = -7. Suppose -w + j = -1. Suppose -2*b - 3*y = -1851, b + w*b + 5*y = 2778. Is b composite?
True
Is (-26)/65 - (-1470114)/10 a composite number?
False
Suppose 196 = 5*q + 196. Suppose -14*s + 7213 + 55689 = q. Is s composite?
False
Let i be (9/(-6))/(24/(-496)). Suppose -49 = -c + i. Suppose 78*m = c*m - 106. Is m a composite number?
False
Let z(t) = t**3 + 22*t**2 + 23*t + 40. Let m be z(-21). Is ((-4)/(-8) + m)*(-35714)/21 composite?
False
Suppose j = -5*n + 16 + 7, 0 = -3*j - n + 13. Suppose -y - 2*y = -j. Is 2453 + 7 - -1*y - 2 a composite number?
False
Let f = 2243 - 1051. Let l(b) = 3*b**2 - 12*b - 8. Let m be l(9). Let p = m + f. Is p prime?
True
Suppose -5*u = -14*s + 9*s - 179145, -179163 = -5*u - 4*s. Is u prime?
True
Let w(n) = -364*n - 47. Let m be w(-1). Let g = -243 - -174. Let u = m - g. Is u prime?
False
Let o(b) = -20317*b - 152. Is o(-15) composite?
True
Suppose 128*p - i = 124*p + 474712, -118659 = -p + 5*i. Is p composite?
True
Let o(k) = 27853*k - 127. Is o(2) a prime number?
True
Let v(h) be the first derivative of -h**3/3 - 5*h**2/2 + 7. Let x be v(-4). Is (-2 - 786/x)/(3/(-6)) a composite number?
False
Suppose 30*i - 17*i + 14*i = 9393921. Is i a composite number?
True
Suppose m + 3*l - 872475 = -298435, -m + 4*l = -574061. Is m composite?
True
Let a(l) = -3*l + 30. Suppose 0 = -5*z - 12 + 57. Let v be a(z). Suppose 4*n = v*n + 631. Is n prime?
True
Suppose 0 = -3*v + v + 3*p + 151486, 4*v - 303012 = -4*p. Is v a prime number?
False
Let b = 57966 + 29087. Is b a composite number?
True
Suppose 0 = o - 5, 3*h - 15 = -47*o + 50*o. Suppose -h*z + 18519 = -12191. Is z prime?
False
Suppose 22*s - 54 = 21*s. Let m(v) = 36*v**2 + 33*v**2 - s*v**2. Is m(1) prime?
False
Let b(f) = f**3 + 7*f**2 - 7*f + 5. Let r be b(-8). Let j be 6438*(1 + r)*25/(-30). Suppose -5*k + 7595 + j = 0. Is k prime?
False
Let c be (-6)/(-27) + 790415/45. Suppose 44489 = 4*d + c. Is d a prime number?
False
Suppose 30*x - 115350 = -2*x - 36086. Is x prime?
True
Let h(r) = r**3 - 14*r**2 + 3. Let d be h(14). Suppose d*x - 6 = -0*x. Is x + (-1525)/(3 + -8) prime?
True
Suppose -13331 = -5*k + 269. Suppose -8*v + 7088 + k = 0. Is v a composite number?
True
Let s(y) = 3*y + 62. Let n be s(-19). Let i be (-681)/(3/10*n). Let w = 1173 + i. Is w a composite number?
False
Suppose -x - 574236 = -10*x. Suppose 24*u + 1908 = x. Is u a composite number?
False
Let w = -121 - -117. Is (w - -7)*(-1)/((-3)/5099) prime?
True
Let q = -83981 - -122941. Suppose 10*f - q = 18830. Is f a composite number?
False
Suppose -5*w - b - 32 = 0, 16 = -5*w + 4*b - 6. Let f(o) = -582*o + 27. Let z(u) = 2328*u - 107. Let r(n) = 9*f(n) + 2*z(n). Is r(w) a composite number?
True
Let n be (33 + -5)*-3*(-4)/24. Suppose 815 = n*w - 2055. Is w prime?
False
Suppose -5*v + 5*p = -17965, 3599 = 2*v - v + 5*p. Suppose 0 = -2*w - 112 + v. Is w prime?
True
Let f = -15208 - -478271. Is f a composite number?
True
Suppose 3*c + 2*n = 434385, 3*n = 4*c + 8526 - 587672. Is c prime?
True
Let g = 30 + -26. Suppose -4*i = -4*w + 1336, 3*w + g*i - 656 = 346. Is w composite?
True
Is -2 - (12 + -16 + (-3967917)/3) a composite number?
False
Suppose 0 = 3*u + 2*p - 1, -3*u - 5*p - 34 = -10*p. Is (1 + -1155 - u)*(1 - 2) prime?
True
Let a be (8809/46)/(2/(-12)). Let l = a + 2078. Is l a composite number?
False
Suppose 4*j - 2550873 = -5*b - 900062, 1 = -j. Is b composite?
True
Suppose 0 = 34*f - 1035 + 933. Let t = -2 + 4. Is f*136 + (-1)/(t - 1) composite?
True
Let p(r) = 7374*r + 251. Is p(3) prime?
False
Is (-48 - -54)*(-37894)/(-12) a prime number?
True
Let y(j) = 3*j**2 + 24*j - 19. Let m = 266 + -254. Is y(m) a prime number?
True
Suppose -6*x + 5*x - 2132 = -n, -2*x = -3*n + 6392. Suppose -3*o = 4*f - 3, 2*f - 3*o + o + 2 = 0. Suppose f = 3*i + 91 - n. Is i a prime number?
False
Let m(a) = 2*a**2 - 4*a - 373. Is m(-63) a prime number?
True
Suppose -4*h - 4*s + 546612 = -202756, -4*s = -20. Is h prime?
True
Let g = -63177 + 187916. Is g composite?
False
Let b be 31/124 + 2*4287/(-24). Let y = -166 - b. Is y composite?
False
Let k(z) = -2*z + 56. Let x be k(32). Let p(n) = -729*n - 101. Is p(x) composite?
True
Suppose -5*x + 4*z + 0 = 34, 4*x + z = -23. Is 2/x - (33236/(-6) - 4) prime?
False
Let m(i) = -3*i + 12. Let b be m(3). Suppose 3*z - 13 = -c, -3*c + 3 + b = -2*z. Suppose 1037 + 1732 = z*l. Is l a prime number?
False
Suppose 5*x - 985915 = 5*o, -24*x + 10*x + 5*o + 2760616 = 0. Is x composite?
True
Let f be -5 + 111/12 - (-12)/16. Suppose 7044 = -2*a + 6*a - 4*m, f*a - 8801 = 3*m. Is a a prime number?
True
Suppose 0 = -q - 5, -5*q + 2*q - 13 = -t. Let a be 0*(3/9)/(t/(-3)). Suppose 3*y - 527 - 466 = a. Is y composite?
False
Suppose 382844 = 3*h + 5*g, 982*g = 4*h + 983*g - 510419. Is h a composite number?
True
Is 6/(-10) - (-135475256)/1660 composite?
False
Suppose 0 = -6*f + f - 20. Let h(k) = -6*k - 7. Let z be h(f). Suppose -21*o + z*o = -148. Is o prime?
True
Let a be -4 - (1 - (8 - 1)). Suppose 4594 = 2*y - 4*p, 0 = a*y - 2*p - 572 - 4030. Suppose -y = -2*s - 347. Is s prime?
False
Suppose -5*f - 26 = -4*w, 5*w - 7*f - 43 = -6*f. Is w/(-12) - (-3595)/20 prime?
True
Let m(b) = 3*b**3 - 102*b**2 + 62*b - 126. Is m(41) prime?
True
Let j = -98102 - -216697. Suppose 0 = -4*g + 3*r + 158122, 4*g = g + 4*r + j. Is g a composite number?
True
Suppose 3*m + 8 = -3*h + 5*h, -3*m - 22 = 5*h. Is h*(5523/(-6))/7 a prime number?
True
Suppose 0 = 14*b + 19*b - 13134. Let c = b + -271. Is c composite?
False
Let y = 106 - 106. Suppose -5*z + 5*u + 11603 + 22112 = y, 5*z + 3*u - 33683 = 0. Is z composite?
True
Let i = 19 - 19. Suppose -3*g = -i*g - 3, 0 = 4*w + 3*g - 19. Let r